the prime factors of m.
2, 3
Suppose -2*r + 90 = 4*r. List the prime factors of r.
3, 5
Let y(f) = 2*f**3 - 3*f**2 + 2*f - 1. Suppose 4*x - a + 0*a = 6, 4*x + a = 2. Let p = x - -1. What are the prime factors of y(p)?
7
Suppose -5*u - 2*j + 827 = 0, -u + 150 + 5 = 3*j. What are the prime factors of u?
167
Suppose 0 = 4*k - 8*k. What are the prime factors of 21 + (1 - 4) + k?
2, 3
Let h be ((-15)/(-6))/(1/(-2)). Let t be h/((-25)/(-2))*-40. Let a = t + -10. List the prime factors of a.
2, 3
Suppose 0 = 3*w - t - 9, 0*w - 5*w - 2 = 4*t. Suppose 2*n + 33 = 5*c, -2*c + w*n = -24 + 6. What are the prime factors of 53/c + 6/15?
11
Suppose -4*m - 6 + 14 = 0. Suppose 3*f - 2 = -4*b, 2*b + 32 = -3*f + 7*f. Suppose f*i - 32 = m*i. List the prime factors of i.
2
What are the prime factors of ((-83)/(-4))/(3/(-72)*-3)?
2, 83
Suppose 5 - 37 = 4*k. Let q = 8 + k. Let p = 6 - q. List the prime factors of p.
2, 3
Let k(h) = 3*h + 60. List the prime factors of k(-6).
2, 3, 7
Suppose -5*p = 11 - 66. Suppose -3*m + 2*s - 3*s = -15, 0 = 5*m - 3*s - p. What are the prime factors of m?
2
Let c = -7 - -13. Suppose -9*n = -c*n - 87. What are the prime factors of n?
29
What are the prime factors of 6/(9/((-540)/(-8)))?
3, 5
Let n be -7*(-1 + 4)/(-3). Let d(i) = -6*i**2 - 2*i - i**2 + i**3 + 5*i - 9. List the prime factors of d(n).
2, 3
Let f(g) = 9*g**2 + 4*g + 1. What are the prime factors of f(3)?
2, 47
Let a(l) = 2*l**2 - 25*l + 37. List the prime factors of a(17).
2, 5, 19
Suppose -5*b = -v + 53 - 379, -5*b - v + 324 = 0. What are the prime factors of b?
5, 13
Suppose p + 12 = -0*y - 3*y, p = 0. List the prime factors of (-18 - 7)*y/10.
2, 5
Suppose 5*o - 108 = -o. What are the prime factors of o?
2, 3
List the prime factors of -4*((-50)/8 - 0).
5
What are the prime factors of 1/((-416)/140 + 3)?
5, 7
Let p(b) = 2*b - 13. Let i be p(-7). Let y = i + 66. List the prime factors of y.
3, 13
Let c(q) = -q + 5. List the prime factors of c(-8).
13
Let y = 31 + -20. Suppose -6 = d + 3*s - 3, 3*s = 3*d - 15. Let a = y - d. What are the prime factors of a?
2
Suppose 5*p + j - 82 = 0, 4*j = -4*p + 79 - 23. List the prime factors of (0 + -3 + p)*1.
2, 7
Let w(y) = 9*y + 21. List the prime factors of w(4).
3, 19
Let s be 3/(-7) - (-11)/(-7). Let h = s - -15. What are the prime factors of h?
13
Suppose 7*o = 3*o + g + 18, 4*g = 8. Let v be (2/o)/(2/20). Suppose 3*t - 48 = -t - 4*k, v*t - 48 = 5*k. List the prime factors of t.
2, 3
Let h(p) = p**3 + 8*p**2 + 9*p + 4. List the prime factors of h(-6).
2, 11
Let k(t) = t**2 + 7*t + 3. Let n be k(-7). Suppose 88 = 5*z - 4*w + 8*w, 50 = n*z + w. What are the prime factors of z?
2
Let r = 76 + 32. Suppose 4*f - 8 - r = 0. What are the prime factors of f?
29
Let w(d) = 18*d**3 - d**2 - 2*d - 3. List the prime factors of w(2).
7, 19
Let n(a) = a**3 + 2*a**2 + 2. Let c be n(-2). Suppose -5*q = 0, 3*u + u - 36 = -c*q. List the prime factors of u.
3
Let p = -12 + 17. Suppose -4*q + 0*q + 3*w + 120 = 0, p*w + 128 = 4*q. List the prime factors of q.
3
Let q(x) = -x**3 + 2*x - 3. Let k be q(-3). Suppose 0 = -4*c + 6 + k. List the prime factors of c.
2, 3
Let s(f) = f**2 + 3. Let v be s(0). Suppose 2 = -2*a - g + 5, v*a = -3*g. What are the prime factors of a?
3
Suppose 5*t - t = 96. List the prime factors of t.
2, 3
Let p(o) = o + 3. Let b be p(-3). Let f(i) = b*i - 2*i + 3 + 3*i. What are the prime factors of f(3)?
2, 3
Suppose 17 = 4*n + 5*p, 49 = 5*n - 4*p + p. What are the prime factors of n?
2
Let m be 0/(-3) + (-10 - -3). List the prime factors of m/(-3) - 5/15.
2
Let l(w) = 5 - 2*w - w**2 + w + 3*w - w. Let p be l(0). Let u = -2 + p. What are the prime factors of u?
3
Suppose -6 = -2*j - 0. What are the prime factors of 24*(j + 9/(-6))?
2, 3
Suppose 0*a - 92 = -4*a. Let u = -8 + a. Let m = -7 + u. What are the prime factors of m?
2
Let c be -3 + 3 + (0 - -10). Let q = -3 + c. Suppose 5*r - 43 = q. List the prime factors of r.
2, 5
Suppose 22*s - 1880 = 12*s. List the prime factors of s.
2, 47
Let n(g) = g**2 + 7*g - 2. Let b be n(-6). Let j be ((-6)/(-4))/((-3)/b). Suppose -65 = -j*w - 25. What are the prime factors of w?
2, 5
Let u(q) = -17*q**3 + q**2. Suppose 0 = -g - 3*g - 4. What are the prime factors of u(g)?
2, 3
Suppose 0 = -2*g - i + 23, 5*g - 4 = 4*g + i. What are the prime factors of g?
3
Suppose 0 = h - 5*r - 16, 4*h - 2*r - 2*r - 128 = 0. Let f = h - 13. List the prime factors of f.
23
Let h(k) = k**3 + 10*k**2 + 9*k + 6. Let a be h(-9). Suppose 0 = t - a*t + 15. What are the prime factors of (-26)/4*(-6)/t?
13
List the prime factors of (-4)/(-1*(3 + -2)).
2
Let r(d) = 5*d**2 + d + 1. Suppose z + z = -4*w + 2, 4*z - w = -5. What are the prime factors of r(z)?
5
Suppose 0 = -k + 6 + 12. Let x be (8/12)/(1/k). List the prime factors of 87/x + (-2)/8.
7
Let j(q) = -3*q - 4. Let w be j(-6). Suppose -5*n - 3*a - 24 = 0, -3*a - 3 = -3*n + a. List the prime factors of (w/(-1))/(6/n).
7
Let c(j) = -3*j**3 + j**2 + j + 1. List the prime factors of c(-1).
2
Let c(u) = -u**2 + 22*u + 11. What are the prime factors of c(16)?
107
Let j(k) = -k**2 - 4*k. Let m be j(-2). Suppose -5*a + m*a = p - 66, -p = -5*a - 48. Suppose -4*q + o = -5*q + 15, 5*q - p = o. List the prime factors of q.
13
Suppose -4*k = -3*k. Suppose m - 1 = k, 2*y + 0*m = 2*m + 8. List the prime factors of y.
5
Suppose 0 = 3*v + 4 - 43. List the prime factors of v.
13
Let q be 7 - 6/(-8)*-4. Suppose 6 - 3 = -j, t = -q*j - 10. List the prime factors of t.
2
Suppose 0*b = -b - 2*s - 16, 4*b + 60 = -4*s. What are the prime factors of (-111)/(-7) - 2/b?
2
Suppose 167 = 3*u + 2*j - 4*j, 93 = 2*u - 5*j. Suppose 5*v = -0*v - m + u, -37 = -3*v + m. What are the prime factors of v?
2, 3
Let l(j) be the second derivative of j**3/6 + 4*j**2 + 3*j. List the prime factors of l(-6).
2
Let c(d) = 18*d**2 + d + 2. What are the prime factors of c(2)?
2, 19
Let x(l) = 13*l + 3. Let y(i) = 4*i + 1. Let d(z) = -2*x(z) + 7*y(z). Suppose -7*c + 6*c + 5 = 0. List the prime factors of d(c).
11
Let j be 2/6 + (-8)/(-3). Let u be -3 - (1 + (-24)/3). Let g = u + j. List the prime factors of g.
7
Let l(y) = -y - 46. Let q(c) = c - 8. Let a be q(8). Let o be l(a). Let x = -31 - o. What are the prime factors of x?
3, 5
Suppose -195 = -3*w - 3*i, 3*w - 5*i - 305 = -w. What are the prime factors of w?
2, 5, 7
Suppose 0 = 3*d + 9 - 24. What are the prime factors of (111/15 + -1)*d?
2
Suppose 0 = -5*i - p + 10, -2*i + 2*p = 3*i + 5. Let o be (-2 + -1)*(i - 2). Suppose 2*j = o*j - 11. List the prime factors of j.
11
Let z(u) = u**3 - 12*u**2 + 3*u. Let c(i) = -i**2 - i. Let r(n) = 4*c(n) - z(n). Let s be r(7). What are the prime factors of -2 + (-1 + s)*-5?
3
What are the prime factors of 112 + (1 - -2) - 2?
113
Let o(n) be the third derivative of -n**4/12 + 17*n**3/6 + 6*n**2. List the prime factors of o(-9).
5, 7
Let f be (-1)/(-4)*-2*0. Suppose 5*y = -f*y + 60. List the prime factors of y.
2, 3
Suppose 2*i - 6*i + 581 = 3*f, 2*i - 3*f - 295 = 0. List the prime factors of i.
2, 73
Let b(l) be the second derivative of -2*l**3 - l**2 - l. List the prime factors of b(-2).
2, 11
Let v(u) = u**3 - 14*u**2 + u + 10. Let g be 12 + 6/((-3)/(-1)). What are the prime factors of v(g)?
2, 3
Let b(k) be the second derivative of -1/3*k**3 + 1/12*k**4 + 2*k + 3/2*k**2 + 0 + 1/20*k**5. What are the prime factors of b(2)?
11
Let z(n) be the second derivative of n**4/12 + n**3/2 - 4*n. What are the prime factors of z(3)?
2, 3
Suppose -4*a - 4*y + 156 = 0, a = -4*a - 2*y + 192. List the prime factors of a.
2, 19
Let b = 50 + -25. Let y = 5 + b. List the prime factors of y.
2, 3, 5
Let y(s) = -5*s + 4. Let x(q) = 4*q - 4. Let j(a) = 6*x(a) + 5*y(a). Let k be j(-9). Suppose -9 = -k*o + 1. List the prime factors of o.
2
Let t(w) = -w**3 + 5*w**2 + 6. Let f(s) = s - 2. Let x be (14/10)/(2/10). Let u be f(x). List the prime factors of t(u).
2, 3
Let v(u) = u**2 + 8*u - 2. Let g be v(-8). List the prime factors of (-1 - 0)*-32 + g.
2, 3, 5
Let y = -11 - -80. What are the prime factors of y?
3, 23
Suppose 4*q = -4*a + 104, 0*q + q - 5*a = 26. What are the prime factors of q?
2, 13
Suppose 2*s - 144 = -4*g, 0 = -4*s + 2*s + 2*g + 126. What are the prime factors of s?
2, 3, 11
Suppose -r + 30 = -0*r. Let z = -20 + r. List t